{"id":160,"date":"2020-04-27T20:05:03","date_gmt":"2020-04-27T18:05:03","guid":{"rendered":"http:\/\/ego-acconciature-relax.com\/?page_id=160"},"modified":"2023-06-19T11:49:51","modified_gmt":"2023-06-19T09:49:51","slug":"area-colore","status":"publish","type":"page","link":"https:\/\/ego-acconciature-relax.com\/index.php\/area-colore\/","title":{"rendered":"Area Colore"},"content":{"rendered":"<p>[et_pb_section fb_built=&#8221;1&#8243; _builder_version=&#8221;4.4.3&#8243; background_color=&#8221;#ffffff&#8221; top_divider_color=&#8221;#ffffff&#8221; top_divider_flip=&#8221;horizontal|vertical&#8221; top_divider_height_tablet=&#8221;&#8221; top_divider_height_phone=&#8221;400px&#8221; top_divider_height_last_edited=&#8221;on|phone&#8221; global_colors_info=&#8221;{}&#8221;][et_pb_row column_structure=&#8221;2_5,3_5&#8243; _builder_version=&#8221;4.10.6&#8243; border_radii=&#8221;on|15px|15px|15px|15px&#8221; global_colors_info=&#8221;{}&#8221;][et_pb_column type=&#8221;2_5&#8243; _builder_version=&#8221;4.10.6&#8243; custom_padding=&#8221;||||false|false&#8221; global_colors_info=&#8221;{}&#8221;][et_pb_text _builder_version=&#8221;4.10.6&#8243; text_font=&#8221;Raleway|300|||||||&#8221; text_text_color=&#8221;#565656&#8243; text_font_size=&#8221;17px&#8221; text_line_height=&#8221;1.6em&#8221; header_font=&#8221;Raleway|700|||||||&#8221; header_text_color=&#8221;#141123&#8243; header_font_size=&#8221;40px&#8221; text_orientation=&#8221;justified&#8221; custom_margin=&#8221;||99px|||&#8221; hover_enabled=&#8221;0&#8243; text_line_height_tablet=&#8221;&#8221; text_line_height_phone=&#8221;&#8221; text_line_height_last_edited=&#8221;on|phone&#8221; header_font_size_tablet=&#8221;&#8221; header_font_size_phone=&#8221;&#8221; header_font_size_last_edited=&#8221;on|phone&#8221; global_colors_info=&#8221;{}&#8221; sticky_enabled=&#8221;0&#8243;]<\/p>\n<h1 style=\"color: #403838 !important; font-size: 30pt; font-weight: 600; padding-bottom: 25px;\">Area colore<\/h1>\n<p><span style=\"font-size: 14px;\"><\/span><\/p>\n<p>Creativit\u00e0, prodotti di qualit\u00e0 e tecniche evolutive.<br \/>Questi sono i 3 cardini che caratterizzano Color LIfe, il nostro servizio legato al colore.<br \/>Prima di agire sui capelli, viene fatta una consulenza personalizzata utile al raggiungimento delle tonalit\u00e0 desiderate. Insieme a te valutiamo la cromia pi\u00f9 in linea con il tuo incarnato, al fine di evidenziare la tua personalit\u00e0 e il tuo stile di vita, sempre nel rispetto della salute della cute e dei capelli. Grazie al nostro servizio Color Life, andiamo a colorare e, allo stesso tempo, a ricostruire il capello garantendo un risultato straordinario dall\u2019effetto naturale.<br \/>I tuoi capelli saranno subito pi\u00f9 sani, pi\u00f9 brillanti e la tua cute, grazie all\u2019utilizzo di oli essenziali, sar\u00e0 sempre protetta.<\/p>\n<p><strong>Perch\u00e8 questo servizio \u00e8 perfetto per i tuoi capelli?<br \/><\/strong>Mediante l\u2019uso dei prodotti di qualit\u00e0 e alla nostra attenzione verso il benessere dei tuoi capelli, con Color Life riuscirai a dare vita al tuo colore.<br \/>Ti sentirai pi\u00f9 bella, pi\u00f9 libera e pi\u00f9 sicura di te.<\/p>\n<p>[\/et_pb_text][\/et_pb_column][et_pb_column type=&#8221;3_5&#8243; _builder_version=&#8221;4.4.3&#8243; global_colors_info=&#8221;{}&#8221;][et_pb_gallery gallery_ids=&#8221;748,809,811,812,813,814,815,816,817&#8243; fullwidth=&#8221;on&#8221; _builder_version=&#8221;4.10.6&#8243; custom_margin_tablet=&#8221;&#8221; custom_margin_phone=&#8221;-70px||||false|false&#8221; custom_margin_last_edited=&#8221;on|phone&#8221; animation_style=&#8221;slide&#8221; animation_direction=&#8221;bottom&#8221; auto=&#8221;on&#8221; auto_speed=&#8221;2000&#8243; border_radii=&#8221;on|20px|20px|20px|20px&#8221; border_radii_tablet=&#8221;&#8221; border_radii_phone=&#8221;&#8221; border_radii_last_edited=&#8221;on|phone&#8221; global_colors_info=&#8221;{}&#8221;][\/et_pb_gallery][\/et_pb_column][\/et_pb_row][et_pb_row _builder_version=&#8221;4.4.3&#8243; global_colors_info=&#8221;{}&#8221;][et_pb_column type=&#8221;4_4&#8243; _builder_version=&#8221;4.4.3&#8243; global_colors_info=&#8221;{}&#8221;][et_pb_cta button_url=&#8221;tel:0119716157&#8243; button_text=&#8221;CHIAMA ORA&#8221; _builder_version=&#8221;4.10.6&#8243; use_background_color=&#8221;off&#8221; custom_button=&#8221;on&#8221; button_bg_color=&#8221;#c5bab5&#8243; button_border_width=&#8221;0px&#8221; button_border_color=&#8221;#ffffff&#8221; button_border_radius=&#8221;10px&#8221; button_letter_spacing=&#8221;1.5px&#8221; button_icon=&#8221;%%264%%&#8221; button_alignment=&#8221;left&#8221; button_alignment_tablet=&#8221;&#8221; button_alignment_phone=&#8221;center&#8221; button_alignment_last_edited=&#8221;on|desktop&#8221; global_module=&#8221;445&#8243; saved_tabs=&#8221;all&#8221; global_colors_info=&#8221;{}&#8221;][\/et_pb_cta][\/et_pb_column][\/et_pb_row][\/et_pb_section][et_pb_section fb_built=&#8221;1&#8243; prev_background_color=&#8221;#ffffff&#8221; _builder_version=&#8221;4.10.6&#8243; background_image=&#8221;https:\/\/ego-acconciature-relax.com\/wp-content\/uploads\/2023\/05\/colore_home_ok.jpg&#8221; parallax=&#8221;on&#8221; min_height=&#8221;500px&#8221; min_height_tablet=&#8221;&#8221; min_height_phone=&#8221;300px&#8221; min_height_last_edited=&#8221;on|phone&#8221; top_divider_style=&#8221;wave&#8221; top_divider_height=&#8221;50px&#8221; top_divider_flip=&#8221;vertical|horizontal&#8221; background_last_edited=&#8221;on|phone&#8221; background_image_phone=&#8221;https:\/\/ego-acconciature-relax.com\/wp-content\/uploads\/2023\/05\/colore_mobile.jpg&#8221; background_enable_image_phone=&#8221;on&#8221; locked=&#8221;off&#8221; global_colors_info=&#8221;{}&#8221;][\/et_pb_section]<\/p>\n","protected":false},"excerpt":{"rendered":"<p>Area colore Creativit\u00e0, prodotti di qualit\u00e0 e tecniche evolutive.Questi sono i 3 cardini che caratterizzano Color LIfe, il nostro servizio legato al colore.Prima di agire sui capelli, viene fatta una consulenza personalizzata utile al raggiungimento delle tonalit\u00e0 desiderate. Insieme a te valutiamo la cromia pi\u00f9 in linea con il tuo incarnato, al fine di evidenziare [&hellip;]<\/p>\n","protected":false},"author":1,"featured_media":0,"parent":0,"menu_order":0,"comment_status":"closed","ping_status":"closed","template":"","meta":{"_et_pb_use_builder":"on","_et_pb_old_content":"<!-- wp:divi\/placeholder \/-->","_et_gb_content_width":""},"yoast_head":"<!-- This site is optimized with the Yoast SEO plugin v14.3 - https:\/\/yoast.com\/wordpress\/plugins\/seo\/ -->\n<title>Area Colore - Ego Acconciature e Relax Carmagnola (TO)<\/title>\n<meta name=\"description\" content=\"Color Life \u00e8 il nome del nostro servizio Area Colore! Intraprendi un percorso unico ed esclusivo per dare vita al tuo colore, sentendoti libera e sicura.\" \/>\n<meta name=\"robots\" content=\"index, follow\" \/>\n<meta name=\"googlebot\" content=\"index, follow, max-snippet:-1, max-image-preview:large, max-video-preview:-1\" \/>\n<meta name=\"bingbot\" content=\"index, follow, max-snippet:-1, max-image-preview:large, max-video-preview:-1\" \/>\n<link rel=\"canonical\" href=\"https:\/\/ego-acconciature-relax.com\/index.php\/area-colore\/\" \/>\n<meta property=\"og:locale\" content=\"it_IT\" \/>\n<meta property=\"og:type\" content=\"article\" \/>\n<meta property=\"og:title\" content=\"Area Colore - Ego Acconciature e Relax Carmagnola (TO)\" \/>\n<meta property=\"og:description\" content=\"Color Life \u00e8 il nome del nostro servizio Area Colore! Intraprendi un percorso unico ed esclusivo per dare vita al tuo colore, sentendoti libera e sicura.\" \/>\n<meta property=\"og:url\" content=\"https:\/\/ego-acconciature-relax.com\/index.php\/area-colore\/\" \/>\n<meta property=\"og:site_name\" content=\"Ego Acconciature e Relax\" \/>\n<meta property=\"article:publisher\" content=\"https:\/\/www.facebook.com\/EgoAcconciatureRelax\/\" \/>\n<meta property=\"article:modified_time\" content=\"2023-06-19T09:49:51+00:00\" \/>\n<meta property=\"og:image\" content=\"https:\/\/ego-acconciature-relax.com\/wp-content\/uploads\/2020\/04\/Logo_Ego_sito_esteso.png\" \/>\n\t<meta property=\"og:image:width\" content=\"140\" \/>\n\t<meta property=\"og:image:height\" content=\"65\" \/>\n<meta name=\"twitter:card\" content=\"summary_large_image\" \/>\n<script type=\"application\/ld+json\" class=\"yoast-schema-graph\">{\"@context\":\"https:\/\/schema.org\",\"@graph\":[{\"@type\":\"Organization\",\"@id\":\"https:\/\/ego-acconciature-relax.com\/#organization\",\"name\":\"Ego Acconciature e Relax\",\"url\":\"https:\/\/ego-acconciature-relax.com\/\",\"sameAs\":[\"https:\/\/www.facebook.com\/EgoAcconciatureRelax\/\",\"https:\/\/www.instagram.com\/ego.acconciature.relax\/\",\"https:\/\/www.youtube.com\/channel\/UCNcQd1HD0UK59EyfZuTbk3Q\"],\"logo\":{\"@type\":\"ImageObject\",\"@id\":\"https:\/\/ego-acconciature-relax.com\/#logo\",\"inLanguage\":\"it-IT\",\"url\":\"https:\/\/ego-acconciature-relax.com\/wp-content\/uploads\/2020\/04\/Logo_Ego_sito_esteso.png\",\"width\":140,\"height\":65,\"caption\":\"Ego Acconciature e Relax\"},\"image\":{\"@id\":\"https:\/\/ego-acconciature-relax.com\/#logo\"}},{\"@type\":\"WebSite\",\"@id\":\"https:\/\/ego-acconciature-relax.com\/#website\",\"url\":\"https:\/\/ego-acconciature-relax.com\/\",\"name\":\"Ego Acconciature e Relax\",\"description\":\"\",\"publisher\":{\"@id\":\"https:\/\/ego-acconciature-relax.com\/#organization\"},\"potentialAction\":[{\"@type\":\"SearchAction\",\"target\":\"https:\/\/ego-acconciature-relax.com\/?s={search_term_string}\",\"query-input\":\"required name=search_term_string\"}],\"inLanguage\":\"it-IT\"},{\"@type\":\"WebPage\",\"@id\":\"https:\/\/ego-acconciature-relax.com\/index.php\/area-colore\/#webpage\",\"url\":\"https:\/\/ego-acconciature-relax.com\/index.php\/area-colore\/\",\"name\":\"Area Colore - Ego Acconciature e Relax Carmagnola (TO)\",\"isPartOf\":{\"@id\":\"https:\/\/ego-acconciature-relax.com\/#website\"},\"datePublished\":\"2020-04-27T18:05:03+00:00\",\"dateModified\":\"2023-06-19T09:49:51+00:00\",\"description\":\"Color Life \\u00e8 il nome del nostro servizio Area Colore! Intraprendi un percorso unico ed esclusivo per dare vita al tuo colore, sentendoti libera e sicura.\",\"inLanguage\":\"it-IT\",\"potentialAction\":[{\"@type\":\"ReadAction\",\"target\":[\"https:\/\/ego-acconciature-relax.com\/index.php\/area-colore\/\"]}]}]}<\/script>\n<!-- \/ Yoast SEO plugin. -->","_links":{"self":[{"href":"https:\/\/ego-acconciature-relax.com\/index.php\/wp-json\/wp\/v2\/pages\/160"}],"collection":[{"href":"https:\/\/ego-acconciature-relax.com\/index.php\/wp-json\/wp\/v2\/pages"}],"about":[{"href":"https:\/\/ego-acconciature-relax.com\/index.php\/wp-json\/wp\/v2\/types\/page"}],"author":[{"embeddable":true,"href":"https:\/\/ego-acconciature-relax.com\/index.php\/wp-json\/wp\/v2\/users\/1"}],"replies":[{"embeddable":true,"href":"https:\/\/ego-acconciature-relax.com\/index.php\/wp-json\/wp\/v2\/comments?post=160"}],"version-history":[{"count":19,"href":"https:\/\/ego-acconciature-relax.com\/index.php\/wp-json\/wp\/v2\/pages\/160\/revisions"}],"predecessor-version":[{"id":853,"href":"https:\/\/ego-acconciature-relax.com\/index.php\/wp-json\/wp\/v2\/pages\/160\/revisions\/853"}],"wp:attachment":[{"href":"https:\/\/ego-acconciature-relax.com\/index.php\/wp-json\/wp\/v2\/media?parent=160"}],"curies":[{"name":"wp","href":"https:\/\/api.w.org\/{rel}","templated":true}]}}